git of p?
4
Let m = 66 + -10. Let r = m - 4. What is the tens digit of r?
5
Let u = 1461 + -702. What is the hundreds digit of u?
7
Let z(l) = -l**3 - 6*l**2 - 7*l - 7. Let w be z(-5). Let b = w - -26. Let t = b + 0. What is the units digit of t?
9
Suppose 21*o - 41792 + 11258 = 0. What is the hundreds digit of o?
4
Let u = 404 - 245. Let p = 230 - u. What is the units digit of p?
1
Let h be (-5)/(-20) - 111/12. Let p be (-95)/(-15)*h/3. Let f = p + 31. What is the tens digit of f?
1
Suppose -4*c = -2*c + 16. Let g be 3/12 - 166/c. Suppose k = 2*k - g. What is the units digit of k?
1
Let s be (-6 - -8)/((-2)/(-7)). Let y(q) = 4*q - 12. Let c be y(s). What is the units digit of c - -1*2/(-2)?
5
Let z(h) = -h**3 - 7*h**2 - 5*h - 2. Let y be z(-4). Let r be (y/40)/(1/(-4)). Suppose -7*m + 220 = -r*m. What is the units digit of m?
5
Let o = 111 - 110. Let w(t) = 21*t + 11. What is the units digit of w(o)?
2
Suppose 0 = -5*d + 2*b + 17, 6 = 5*d - 4*b - 3. Suppose d*z - 167 = 73. What is the tens digit of z?
4
Suppose -231 = -4*l + 109. Suppose 82*f + 165 = l*f. What is the units digit of f?
5
Let l(f) = f**3 + 48*f**2 + 60*f - 99. What is the units digit of l(-45)?
6
Suppose -46 = -0*l - l. Let f be l/2*4/4. What is the units digit of f*2 - 0/(-12)?
6
Let z(t) = 2 - 6*t - 5*t**3 + 3*t**3 + 3*t**3 + 9*t**2 - 6*t. Let x be z(-9). Suppose -5*v = -0*v - x. What is the tens digit of v?
2
Let g be (-154 + -8)*(1 + 0). Let z = 177 + g. What is the units digit of z?
5
Suppose f + 4 = 7. Suppose 20 + 157 = f*t. Let j = 112 - t. What is the tens digit of j?
5
Let d = -19 - -25. Suppose w - d = -2*w. Suppose k = w*k - 33. What is the units digit of k?
3
Suppose 6*q = 22*q. Suppose -10*p = -q*p - 2390. What is the hundreds digit of p?
2
What is the hundreds digit of ((-57)/(-285))/(1/515)?
1
Let z be 6/9*-24*1. Let q = z - -16. Suppose 4*k - 4 = -q. What is the units digit of k?
1
Suppose -6*n + 650 = -5*n. What is the tens digit of n?
5
Let s be 1232/33 - (-2)/(-6). Suppose 3*z - 175 = -s. What is the units digit of z?
6
Suppose 4*z - 15 = -3*d + 3*z, -25 = -5*d + 3*z. Let i be (18/(-30))/((-1)/d). Suppose 0 = -5*b + 3*r + 32, -i*b + 24 = 2*r + 1. What is the units digit of b?
7
Let v(u) = -u**2 - u + 11. Let g be v(0). Suppose -3*x + g + 49 = 0. What is the tens digit of x?
2
Suppose 0 = -4*t + 4*i - 12, 0*t - 6 = -2*t - 2*i. Suppose -n - 8 + 19 = t. What is the units digit of n?
1
Suppose 47*l = 35*l + 59880. What is the tens digit of l?
9
Suppose 5*z = -19 + 4. Let g = -3 + z. What is the units digit of (-2)/g*1*12?
4
Suppose -5*t - 519 = -4*c, 2*c = t + 276 - 9. What is the hundreds digit of c?
1
Suppose 2*v - 4*v + 136 = 0. Suppose 2*x - v = 142. What is the hundreds digit of x?
1
What is the hundreds digit of (-6)/2*(-2)/3*1057?
1
Let c(f) be the second derivative of f**5/20 + 17*f**4/12 + f**3/2 - 19*f**2/2 - 5*f. Let p be c(-15). What is the units digit of p/26 + (-4)/(-26)?
5
Let q be (-9)/(-3 + 21/8). Suppose -7*k + 3*k = -q. What is the units digit of 284/12 + (-4)/k?
3
Let w be (8 - 8)/(2/(-2) - 1). Suppose w = 5*t - 4*t - 8. What is the units digit of t?
8
Suppose 0*d = 11*d - 143. What is the tens digit of (-64)/(-416) - ((-4483)/d + -1)?
4
Suppose 0 = -3*v - 9, -4*d + v = -0*d - 371. Let t = -59 + d. Suppose -3*k = 3*n - t, 0 = -4*n - 5 - 15. What is the units digit of k?
6
Let v = 210 + -194. What is the tens digit of v?
1
What is the hundreds digit of 0 + (-144645)/(-33) - (-44)/(-242)?
3
Let a be 5 + -5 - (-6)/(-9)*-3. Suppose -r + 0*r - 342 = -2*c, 3*c = -a*r + 520. What is the hundreds digit of c?
1
Suppose -3*n + 7*n - 32 = 0. Let w be (100/n)/(1/2). Suppose 5*g = 0, -20 - w = -5*j + g. What is the units digit of j?
9
Let f be ((-36)/81*-3)/((-1)/(-3)). Suppose -f*o - o + 810 = 0. What is the hundreds digit of o?
1
Let z be (-4)/1*(-10)/(-5). Let f be z*1*1/2. What is the units digit of (-88)/(-6) - f/(-6)?
4
Let d = 405 - 46. What is the tens digit of d?
5
Suppose j + 0*j + 3*q - 100 = 0, 2*j - 205 = -q. Suppose -2*w + 4*u = -0*w - 54, -4*w + j = -3*u. Let b = w + 14. What is the tens digit of b?
3
Suppose 2*r - 7*r = -80. Suppose -12 = -2*i + r. What is the tens digit of i?
1
Let q be (6/(-10))/(6/(-30)). Suppose -q*d + 46 = -5. What is the tens digit of d?
1
Suppose -202 = -3*d + v + 150, v - 592 = -5*d. What is the hundreds digit of d?
1
Let m(i) = 6*i + 64. Let c be m(-6). Suppose -316 + c = -4*b. What is the tens digit of b?
7
Let x(o) = 58*o**2 + 1. Let p be x(1). Let m = -30 + p. Suppose -d + m = -19. What is the units digit of d?
8
Suppose 6*f = 2*f + 12. Suppose -3*y - f*n + 8*n = 0, -n + 23 = 4*y. What is the units digit of y?
5
Suppose 0 = -11*z + z + 4610. What is the hundreds digit of z?
4
Let n(v) = -v + 146. What is the hundreds digit of n(-51)?
1
Let h be 0 - -2*(3 - 18). Let o = h + 18. Let n = o - -16. What is the units digit of n?
4
Suppose 4*k - j - 75 = 2*k, 0 = 4*k + j - 165. Let g = k - -41. What is the tens digit of g?
8
Suppose 5*l + 455 = -5*t, -83 = -l + 2*l + 5*t. Suppose 13*a + 513 = 4*a. Let w = a - l. What is the units digit of w?
6
Let f(n) = 1224*n**2 + 11*n - 1. What is the hundreds digit of f(1)?
2
Suppose 0 = -3*x + 7 + 8. Suppose -x = 3*k + 2*k. What is the units digit of k + 17 + (-18)/(-6)?
9
Let t(h) = 1152*h - 8. What is the tens digit of t(1)?
4
Suppose -n + 20 = -5*h, -3*h = 3*n - 7*h - 60. Let t(z) = -z**3 + 5*z**2 - z + 8. Let y be t(5). Suppose -16 = -y*j + n. What is the units digit of j?
2
Suppose -4*w + p = -19, -2*w + 12 - 1 = -p. Suppose 0*x = -w*d - 2*x + 296, -2*d = -x - 152. What is the units digit of d?
5
Let s = 68 - 63. Suppose -10*n = 2*i - 5*n - 257, s*i = 5*n + 695. What is the units digit of i?
6
Suppose 2*h - 9812 = -2*x - 1232, -3*x = -5*h + 21474. What is the thousands digit of h?
4
Let s(m) = m**3 - 13*m**2 + 3. Let i be s(13). Suppose -v + 90 = i*r, -2*v + 81 = -2*r - 83. What is the tens digit of v?
8
Let s(i) = i**3 + 6*i**2 - i - 3. Let y be s(-6). Let p(d) = 1 + 0*d**3 + 0*d**2 - 2*d**2 + y*d**3 + d**3. What is the units digit of p(1)?
3
Let o(p) = p**2 - 5*p - 2. Let c be o(6). Suppose 12 = c*h - 0*h. Suppose 100 = h*i + i. What is the tens digit of i?
2
Let r be (-2)/8 - (-148)/16. Suppose m - r = 4*m. Let i = 1 - m. What is the units digit of i?
4
Let q = -164 - -245. Let u = q - 39. What is the tens digit of u?
4
Suppose -d = 3*h - 474, -d + 3*h + 661 = 175. What is the hundreds digit of d?
4
Suppose -3*i + 2*k = -806, 4*k + 548 = -2*i + 4*i. What is the hundreds digit of i?
2
Suppose 3*j = -2*j + 45. Let x(z) = 4*z + 12. Let p be x(j). Suppose -2*v = y - 23 - p, 0 = 3*v + 2*y - 107. What is the units digit of v?
5
Let y = -53 - -45. Suppose -5*z + 47 = 4*g, z - 3*g = -7*g + 3. Let t = z + y. What is the units digit of t?
3
Suppose -o - 4*x = -13, 2*o - 8 = 51*x - 50*x. Let j(t) = 3*t**2 - 4*t - 12. Let u(z) = -z**2 + z. Let h(b) = -j(b) - 5*u(b). What is the units digit of h(o)?
7
Let k = -8 - -11. Let g be (-45)/10*(-2)/k. Suppose 4 = t - g. What is the units digit of t?
7
Let s be ((-40)/8)/(2/8). What is the units digit of (-330)/(s/4)*1?
6
Let i(n) = 2*n**2 - n - 7. Suppose 11*h - 6 = 9*h. Let r be i(h). Suppose r*z - 2*z - 48 = 0. What is the units digit of z?
8
Suppose -4*n - 61*n = -12610. What is the units digit of n?
4
Let i = 739 + -599. What is the hundreds digit of i?
1
Suppose 4*q + 21 - 41 = 0. Suppose -22 = q*k - 382. What is the units digit of k?
2
Suppose 2*l = 7 + 3. Let z = l + 31. What is the units digit of z?
6
Suppose 0 = -v - 3*w + 798, -5*v + 63 = -5*w - 4027. What is the tens digit of v?
1
Let h(t) = 9*t - 167. What is the tens digit of h(27)?
7
Suppose 6*m - 3350 = 4186. What is the thousands digit of m?
1
What is the hundreds digit of (84/112)/((-4)/(-15248))?
8
Suppose -5*i + 0*i - 10 = 0. Let t = 62 - 61. What is the tens digit of i/4*(t + -67)?
3
Let p(i) = -i**3 + 4*i**2 + 6*i + 4. Let y be p(5). Let u(o) = -2*o**2 + 11*o + o**2 - 7 + 2*o**2 - 2*o**2. What is the tens digit of u(y)?
1
Let h(z) = -3*z - 11. Let o be h(-5). Suppose 8 = o*k + 4*n, 8 = 4*k + 2*n - n. Suppose -3 - 15 = -k*s. What is the units digit of s?
9
Let x(s) = -s**3 - 5*s**2 - s - 2. Let u be x(-5). Let b be 81/15 - u/(-5). Suppose -4*f + b = -6. What is the u